{"id":392,"date":"2025-10-31T08:40:12","date_gmt":"2025-10-31T08:40:12","guid":{"rendered":"http:\/\/www.fundacjaolimp.pl\/?page_id=392"},"modified":"2025-10-31T08:40:18","modified_gmt":"2025-10-31T08:40:18","slug":"zapytanie-ofertowe-nr-5-2025-z-dnia-31-pazdziernika-2025-r","status":"publish","type":"page","link":"http:\/\/www.fundacjaolimp.pl\/index.php\/zapytanie-ofertowe-nr-5-2025-z-dnia-31-pazdziernika-2025-r\/","title":{"rendered":"ZAPYTANIE OFERTOWE nr 5\/2025 z dnia 31 pa\u017adziernika 2025 r."},"content":{"rendered":"<p><strong>ZAPYTANIE OFERTOWE nr 5\/2025 z dnia 31.10.2025 r.<\/strong><\/p>\n<p>Zapytanie ofertowe na realizacj\u0119 us\u0142ugi audytu zewn\u0119trznego zadania pt. \u201eSmartStart: Cyfrowa Niezale\u017cno\u015b\u0107\u201d.<\/p>\n<p>Projekt jest wsp\u00f3\u0142finansowany ze \u015brodk\u00f3w Pa\u0144stwowego Funduszu Rehabilitacji Os\u00f3b Niepe\u0142nosprawnych w ramach Konkursu nr 1\/2024 pn. \u201eWspieramy aktywno\u015b\u0107\u201d (UMOWA NUMER: UM\/PW9\/2025\/3\/DEPT_DS_WSPOLPRACY\/11987 z 14 kwietnia 2025 r.).<\/p>\n<p>Cz\u0119\u015b\u0107 I: Forma zapytania ofertowego<\/p>\n<p>Rozeznanie rynku poprzez zamieszczenie na stronie internetowej.<\/p>\n<p>Uzasadnienie formy zapytania:<\/p>\n<p>Szacowana warto\u015b\u0107 us\u0142ugi nie przekracza kwoty 130 tys. z\u0142 netto.<\/p>\n<p>&nbsp;<\/p>\n<p>Cz\u0119\u015b\u0107 II: Informacje og\u00f3lne<\/p>\n<ol>\n<li>Informacje o Zamawiaj\u0105cym:<\/li>\n<\/ol>\n<p>Fundacja Zwi\u0105zku Kultury Fizycznej \u201eOlimp\u201d, ul. Konwiktorska 9,\u00a0 00 \u2013 216 Warszawa, e-mail: olimpfundacja@gmail.com, <a href=\"http:\/\/www.cross.org.pl\">www.fundacjaolimp.pl<\/a>.<\/p>\n<p>Zapytanie ofertowe dost\u0119pne jest na stronie www.fundacjaolimp.pl oraz w siedzibie Zamawiaj\u0105cego w Warszawie, przy ul. Konwiktorskiej 9.<\/p>\n<p>Adres strony internetowej, na kt\u00f3rej zamieszczone zosta\u0142y informacje dotycz\u0105ce realizowanego projektu: <a href=\"http:\/\/www.fundacjaolimp.pl\">www.fundacjaolimp.pl<\/a> .<\/p>\n<ol start=\"2\">\n<li>Informacje o umowie i projekcie<\/li>\n<\/ol>\n<p>Nr i data umowy zawartej z PFRON:<\/p>\n<p>UM\/PW9\/2025\/3\/DEPT_DS_WSPOLPRACY\/11987 z 14.04.2025 r.<\/p>\n<p>Kierunek pomocy:<\/p>\n<p>2: zwi\u0119kszenie samodzielno\u015bci os\u00f3b z niepe\u0142nosprawno\u015bciami<\/p>\n<p>Typ projektu (zgodnie z umow\u0105):<\/p>\n<p>4: Wsparcie realizowane poza plac\u00f3wk\u0105 (w szczeg\u00f3lno\u015bci: szkolenia, kursy, warsztaty, grupowe i indywidualne zaj\u0119cia, us\u0142ugi wspieraj\u0105ce).<\/p>\n<p>Cel projektu (zgodnie z wnioskiem):<\/p>\n<p>Celem nadrz\u0119dnym projektu jest zwi\u0119kszenie samodzielno\u015bci os\u00f3b niewidomych i s\u0142abowidz\u0105cych poprzez prowadzenie grupowych zaj\u0119\u0107 z zakresu obs\u0142ugi smartfonu, kt\u00f3re maj\u0105 na celu nabywanie, rozwijanie i podtrzymywanie umiej\u0119tno\u015bci niezb\u0119dnych do samodzielnego funkcjonowania os\u00f3b niepe\u0142nosprawnych.<\/p>\n<p>Termin realizacji projektu:<\/p>\n<p>od dnia 01-02-2025 do dnia 31-12-2025<\/p>\n<p>&nbsp;<\/p>\n<p>Cz\u0119\u015b\u0107 III: Opis przedmiotu zam\u00f3wienia<\/p>\n<p>Przeprowadzenie w miejscu realizacji projektu (w siedzibie Zamawiaj\u0105cego, adres: ul. Konwiktorska 9, 00-216 Warszawa), audytu zewn\u0119trznego realizacji projektu w okresie od 01-12-2025 do 23-01-2026 r.<\/p>\n<p>Celem audytu zewn\u0119trznego jest uzyskanie obiektywnego zapewnienia, \u017ce koszty poniesione w\u00a0ramach realizacji projektu s\u0105 kwalifikowalne, a projekt jest realizowany zgodnie z przepisami prawa, z wnioskiem i umow\u0105 oraz wydanie opinii w tym zakresie.<\/p>\n<p>&nbsp;<\/p>\n<p>Cz\u0119\u015b\u0107 IV: Zakres audytu zewn\u0119trznego<\/p>\n<ol>\n<li>Audytor dokonuje oceny dokument\u00f3w zwi\u0105zanych z realizowanym zadaniem\/projektem (w\u00a0tym dowod\u00f3w ksi\u0119gowych) w odniesieniu do dzia\u0142a\u0144 zrealizowanych przez Zamawiaj\u0105cego. Ocenie audytora podlega zgodno\u015b\u0107 realizacji zadania\/projektu z jego za\u0142o\u017ceniami okre\u015blonymi we\u00a0wniosku oraz w umowie. Podczas audytu badana jest wiarygodno\u015b\u0107 danych, zar\u00f3wno liczbowych jak i opisowych, zawartych w\u00a0przedstawionych przez Zamawiaj\u0105cego dokumentach.<\/li>\n<li>W ramach audytu badane jest w szczeg\u00f3lno\u015bci czy:\n<ol>\n<li>ksi\u0119gi rachunkowe \u2013 w cz\u0119\u015bci dotycz\u0105cej ewidencji zdarze\u0144 gospodarczych zwi\u0105zanych z\u00a0realizacj\u0105 zadania\/projektu;<\/li>\n<li>dowody ksi\u0119gowe, stanowi\u0105ce podstaw\u0119 dokonania zapis\u00f3w w ksi\u0119gach rachunkowych;<\/li>\n<li>zestawienia sporz\u0105dzone na podstawie dokument\u00f3w potwierdzaj\u0105cych poniesienie koszt\u00f3w (faktur VAT lub innych dokument\u00f3w o r\u00f3wnowa\u017cnej warto\u015bci dowodowej) przedk\u0142adane przez Zamawiaj\u0105cego do rozliczenia przyznanego dofinansowania;<\/li>\n<\/ol>\n<\/li>\n<\/ol>\n<p>s\u0105 zgodne ze stanem faktycznym realizacji zadania\/projektu (w tym czy prawid\u0142owo, rzetelnie i\u00a0jasno przedstawiaj\u0105 sytuacj\u0119 finansow\u0105 i maj\u0105tkow\u0105 zadania\/projektu, wed\u0142ug stanu na dzie\u0144 sporz\u0105dzenia ww. dokument\u00f3w), a tak\u017ce czy odpowiadaj\u0105 wymogom zawartym w umowie.<\/p>\n<ol start=\"3\">\n<li>Audyt obejmuje w szczeg\u00f3lno\u015bci:\n<ol>\n<li>weryfikacj\u0119 kwalifikowalno\u015bci poniesionych koszt\u00f3w i sposobu ich dokumentowania, w\u00a0tym\u00a0m.in.:\n<ol>\n<li>weryfikacj\u0119 (na podstawie reprezentatywnej pr\u00f3by) orygina\u0142\u00f3w dowod\u00f3w ksi\u0119gowych dokumentuj\u0105cych zdarzenia dotycz\u0105ce realizacji zadania\/projektu (w okresie obj\u0119tym audytem), w tym czy dowody ksi\u0119gowe spe\u0142niaj\u0105 warunki okre\u015blone w art.\u00a021 oraz art.\u00a022 ustawy o rachunkowo\u015bci oraz weryfikacj\u0119 opisu dowod\u00f3w ksi\u0119gowych (klauzul), wymaganych zgodnie z warunkami umowy; dob\u00f3r pr\u00f3by powinien by\u0107 oparty na metodach statystycznych,<\/li>\n<li>ocen\u0119 prawid\u0142owo\u015bci i wiarygodno\u015bci poniesionych koszt\u00f3w (w tym m.in. czy zosta\u0142y faktycznie poniesione, czy s\u0105 zasadne i oszcz\u0119dne, czy s\u0105 zwi\u0105zane z realizacj\u0105 zadania\/projektu, czy zosta\u0142y poniesione w terminie realizacji zadania\/projektu),<\/li>\n<li>sprawdzenie wniesienia przez Zamawiaj\u0105cego wk\u0142adu w\u0142asnego, zgodnie z warunkami wskazanymi w umowie, kontrol\u0119 zgodno\u015bci prowadzenia rachunkowo\u015bci z przepisami ustawy o rachunkowo\u015bci, w cz\u0119\u015bci dotycz\u0105cej audytowanego zadania\/projektu,<\/li>\n<li>kontrol\u0119 zgodno\u015bci prowadzenia rachunkowo\u015bci z przepisami ustawy o rachunkowo\u015bci, w cz\u0119\u015bci dotycz\u0105cej audytowanego zadania\/projektu,<\/li>\n<li>sprawdzenie, czy w zakresie zdarze\u0144 dotycz\u0105cych realizacji zadania\/projektu prowadzona jest wyodr\u0119bniona dokumentacja finansowo-ksi\u0119gowa i ewidencja ksi\u0119gowa, zgodnie z zasadami wynikaj\u0105cymi z ustawy o rachunkowo\u015bci, w spos\u00f3b umo\u017cliwiaj\u0105cy identyfikacj\u0119 poszczeg\u00f3lnych operacji ksi\u0119gowych, sprawdzenie statusu podatkowego Zamawiaj\u0105cego (w szczeg\u00f3lno\u015bci w\u00a0zakresie podatku VAT);<\/li>\n<\/ol>\n<\/li>\n<li>weryfikacj\u0119 zgodno\u015bci danych przekazywanych w sprawozdaniu z realizacji zadania\/projektu w cz\u0119\u015bci dotycz\u0105cej post\u0119pu rzeczowego oraz post\u0119pu finansowego z\u00a0dokumentacj\u0105 dotycz\u0105c\u0105 realizacji zadania\/projektu;<\/li>\n<li>weryfikacj\u0119 sposobu pozyskiwania i przechowywania oraz przetwarzania danych o\u00a0uczestnikach zadania\/projektu, zgodnie z Rozporz\u0105dzeniem Parlamentu Europejskiego i\u00a0Rady (UE) 2016\/679 z dnia 27 kwietnia 2016\u00a0r. w sprawie ochrony os\u00f3b fizycznych w\u00a0zwi\u0105zku z przetwarzaniem danych osobowych i w sprawie swobodnego przep\u0142ywu takich danych oraz uchylenia dyrektywy 95\/46\/WE (og\u00f3lne rozporz\u0105dzenie o ochronie danych), oraz ustawy z dnia 10 maja 2018\u00a0r. o ochronie danych osobowych (Dz.\u00a0U. z 2019\u00a0r. poz.\u00a01781);<\/li>\n<li>weryfikacj\u0119 sposobu monitorowania zadania\/projektu przez Zamawiaj\u0105cego (osi\u0105gania celu zadania\/projektu), dotrzymanie harmonogramu realizacji dzia\u0142a\u0144 w zadaniu\/projekcie;<\/li>\n<li>o ile dotyczy danego Zamawiaj\u0105cego \u2013 ocen\u0119 poprawno\u015bci udzielania zam\u00f3wie\u0144 publicznych obejmuj\u0105c\u0105 w szczeg\u00f3lno\u015bci sprawdzenie, czy Zamawiaj\u0105cy prawid\u0142owo stosuje ustaw\u0119 Prawo zam\u00f3wie\u0144 publicznych. W przypadku Zamawiaj\u0105cego, kt\u00f3ry nie jest zobligowany do stosowania ustawy Prawo zam\u00f3wie\u0144 publicznych, audyt powinien obejmowa\u0107 prawid\u0142owo\u015b\u0107 zakupu dostaw i us\u0142ug pod wzgl\u0119dem gospodarno\u015bci oraz \u2013 w\u00a0przypadku powierzenia wykonania us\u0142ugi wykonawcy zewn\u0119trznemu \u2013 spe\u0142nienie zasady bezstronno\u015bci, konkurencyjno\u015bci i obiektywizmu; pod poj\u0119ciem \u201epowierzenia wykonania us\u0142ugi wykonawcy zewn\u0119trznemu\u201d nale\u017cy rozumie\u0107 sytuacj\u0119, w kt\u00f3rej podmiot prowadz\u0105cy dzia\u0142alno\u015b\u0107 gospodarcz\u0105 otrzyma zlecenie na wykonanie us\u0142ugi i b\u0119dzie to zlecenie realizowa\u0107 przy pomocy swoich pracownik\u00f3w;<\/li>\n<li>o ile dotyczy danego Zamawiaj\u0105cego \u2013 ocen\u0119 poprawno\u015bci stosowania zasady konkurencyjno\u015bci zgodnie z warunkami wskazanymi w zasadach realizacji zadania ustawowego lub w procedurach realizacji programu;<\/li>\n<li>weryfikacj\u0119 sposobu realizacji dzia\u0142a\u0144 promocyjnych, zgodnie z warunkami umowy;<\/li>\n<li>weryfikacj\u0119 sposobu prowadzenia i archiwizowania dokumentacji zadania\/projektu;<\/li>\n<li>sprawdzenie, czy Zamawiaj\u0105cy wdro\u017cy\u0142 zalecenia po przeprowadzonych kontrolach oraz usun\u0105\u0142 uchybienia, je\u015bli takie zosta\u0142y wykryte.<\/li>\n<\/ol>\n<\/li>\n<li>Audyt zewn\u0119trzny powinien zosta\u0107 przeprowadzony zgodnie z \u201eMi\u0119dzynarodowymi standardami praktyki zawodowej audytu wewn\u0119trznego\u201d, opracowanymi przez The Institute of\u00a0Internal Auditors, jako standardy audytu wewn\u0119trznego dla jednostek sektora finans\u00f3w publicznych, stanowi\u0105cymi za\u0142\u0105cznik do Komunikatu Ministra Rozwoju i Finans\u00f3w z dnia 12\u00a0grudnia 2016\u00a0r. w sprawie standard\u00f3w audytu wewn\u0119trznego dla jednostek sektora finans\u00f3w publicznych (Dz.\u00a0Urz. MR i F z 2016\u00a0r. poz.\u00a028).<\/li>\n<li>Audytem zewn\u0119trznym musi by\u0107 obj\u0119tych co najmniej 90% koszt\u00f3w zadania\/projektu.<\/li>\n<\/ol>\n<p>&nbsp;<\/p>\n<p>Cz\u0119\u015b\u0107 V: Wymagania dotycz\u0105ce oferenta<\/p>\n<ol>\n<li>Oferent musi posiada\u0107 niezb\u0119dne do\u015bwiadczenie oraz dysponowa\u0107 osobami o odpowiednich kwalifikacjach i\u00a0do\u015bwiadczeniu w zakresie przeprowadzania audytu.<\/li>\n<li>Przez podmioty o niezb\u0119dnym do\u015bwiadczeniu nale\u017cy rozumie\u0107 podmioty:\n<ol>\n<li>dysponuj\u0105ce osobami o udokumentowanych kwalifikacjach;<\/li>\n<li>posiadaj\u0105ce udokumentowane do\u015bwiadczenie w zakresie audytowania zada\u0144 lub projekt\u00f3w finansowanych ze \u015brodk\u00f3w publicznych (przynajmniej 3\u00a0zadania\/projekty);<\/li>\n<li>posiadaj\u0105ce udokumentowane do\u015bwiadczenie zwi\u0105zane z badaniem prawid\u0142owo\u015bci wykorzystania \u015brodk\u00f3w publicznych;<\/li>\n<li>posiadaj\u0105ce udokumentowane do\u015bwiadczenie w przeprowadzaniu audytu zewn\u0119trznego lub audytu wewn\u0119trznego.<\/li>\n<\/ol>\n<\/li>\n<li>Przez osoby posiadaj\u0105ce odpowiednie kwalifikacje i do\u015bwiadczenie w zakresie przeprowadzania audytu nale\u017cy rozumie\u0107 osoby spe\u0142niaj\u0105ce warunki okre\u015blone w art.\u00a0286 ustawy z dnia 27\u00a0sierpnia 2009\u00a0r. o finansach publicznych (Dz.\u00a0U. z 2019\u00a0r. poz.\u00a0869, z p\u00f3\u017an.\u00a0zm.). W\u00a0przypadku os\u00f3b, kt\u00f3re b\u0119d\u0105 uczestniczy\u0107 w\u00a0wykonaniu audytu zewn\u0119trznego zadania\/projektu warunki wskazane w ust.\u00a02 pkt\u00a02-4 stosuje si\u0119 odpowiednio.<\/li>\n<li>Podmiot ubiegaj\u0105cy si\u0119 o przeprowadzenie audytu zewn\u0119trznego zadania\/projektu zobligowany jest do z\u0142o\u017cenia:\n<ol>\n<li>wykazu wykonanych audyt\u00f3w zada\u0144 lub projekt\u00f3w finansowanych ze \u015brodk\u00f3w publicznych wraz z terminem ich wykonania;<\/li>\n<li>wykazu os\u00f3b, kt\u00f3re b\u0119d\u0105 uczestniczy\u0107 w wykonaniu audytu wraz z informacjami na temat ich kwalifikacji zawodowych i do\u015bwiadczenia;<\/li>\n<li>potwierdzonych za zgodno\u015b\u0107 z orygina\u0142em dokument\u00f3w po\u015bwiadczaj\u0105cych kwalifikacje zawodowe uprawniaj\u0105ce do przeprowadzenia zadania audytowego.<\/li>\n<\/ol>\n<\/li>\n<li>Dokumenty, o kt\u00f3rych mowa w ust.\u00a04, powinny dotyczy\u0107 zar\u00f3wno kwalifikacji i do\u015bwiadczenia os\u00f3b, kt\u00f3re b\u0119d\u0105 bezpo\u015brednio uczestniczy\u0107 w wykonaniu audytu, jak r\u00f3wnie\u017c podmiotu ubiegaj\u0105cego si\u0119 o uzyskanie zlecenia na przeprowadzenie audytu.<\/li>\n<li>Sk\u0142ad zespo\u0142u przeprowadzaj\u0105cego audyt zewn\u0119trzny zadania\/projektu musi by\u0107 co\u00a0najmniej dwuosobowy. W sk\u0142ad zespo\u0142u musi wchodzi\u0107 co najmniej jedna osoba posiadaj\u0105ca uprawnienia bieg\u0142ego rewidenta.<\/li>\n<li>Osoby uczestnicz\u0105ce w przeprowadzaniu audytu zewn\u0119trznego musz\u0105 spe\u0142nia\u0107 wym\u00f3g bezstronno\u015bci i niezale\u017cno\u015bci od Zamawiaj\u0105cego. Bezstronno\u015b\u0107 i niezale\u017cno\u015b\u0107 nie jest zachowana, je\u017celi osoba lub podmiot przeprowadzaj\u0105cy audyt zewn\u0119trzny:\n<ol>\n<li>posiada udzia\u0142y, akcje lub inne tytu\u0142y w\u0142asno\u015bci w Jednostce audytowanej lub w jednostce z\u00a0ni\u0105 stowarzyszonej, dominuj\u0105cej, zale\u017cnej lub wsp\u00f3\u0142zale\u017cnej, w kt\u00f3rej ma wykona\u0107 us\u0142ug\u0119 dotycz\u0105c\u0105 audytu zewn\u0119trznego zadania\/projektu;<\/li>\n<li>jest lub by\u0142 w ci\u0105gu ostatnich 3 lat przedstawicielem prawnym (pe\u0142nomocnikiem), cz\u0142onkiem organ\u00f3w nadzorczych b\u0105d\u017a zarz\u0105dzaj\u0105cych lub pracownikiem Jednostki audytowanej albo jednostki z ni\u0105 stowarzyszonej, dominuj\u0105cej, zale\u017cnej lub wsp\u00f3\u0142zale\u017cnej;<\/li>\n<li>osi\u0105gn\u0105\u0142, chocia\u017cby w jednym roku w ci\u0105gu ostatnich 5 lat, co najmniej 50% przychodu rocznego z tytu\u0142u \u015bwiadczenia us\u0142ug na rzecz Jednostki audytowanej, jednostki wobec niej dominuj\u0105cej lub jednostek z ni\u0105 stowarzyszonych, jednostek od niej zale\u017cnych lub wsp\u00f3\u0142zale\u017cnych \u2013 nie dotyczy to pierwszego roku dzia\u0142alno\u015bci podmiotu przeprowadzaj\u0105cego audyt;<\/li>\n<li>w ci\u0105gu ostatnich 3 lat uczestniczy\u0142 w sporz\u0105dzaniu dokument\u00f3w stanowi\u0105cych przedmiot audytu zewn\u0119trznego;<\/li>\n<li>jest ma\u0142\u017conkiem, krewnym lub powinowatym w linii prostej do drugiego stopnia lub jest zwi\u0105zany z tytu\u0142u opieki, przysposobienia lub kurateli z\u00a0osob\u0105 zarz\u0105dzaj\u0105c\u0105 lub b\u0119d\u0105c\u0105 w\u00a0organach nadzorczych Jednostki audytowanej albo zatrudnia przy prowadzeniu audytu takie osoby;<\/li>\n<li>jest lub by\u0142 zaanga\u017cowany w planowanie, realizacj\u0119, zarz\u0105dzanie zadaniem\/projektem, kt\u00f3ry nast\u0119pnie audytuje;<\/li>\n<li>z innych powod\u00f3w nie spe\u0142nia warunk\u00f3w bezstronno\u015bci i niezale\u017cno\u015bci.<\/li>\n<\/ol>\n<\/li>\n<li>Osoby uczestnicz\u0105ce w przeprowadzaniu audytu zewn\u0119trznego powinny spe\u0142nia\u0107 r\u00f3wnie\u017c wym\u00f3g bezstronno\u015bci i niezale\u017cno\u015bci od PFRON. Poprzez spe\u0142nienie warunku bezstronno\u015bci i\u00a0niezale\u017cno\u015bci rozumie si\u0119 przede wszystkim nie pozostawanie w stosunku pracy z PFRON os\u00f3b wykonuj\u0105cych audyt zewn\u0119trzny.<\/li>\n<\/ol>\n<p>Osoby przeprowadzaj\u0105ce audyt zewn\u0119trzny sk\u0142adaj\u0105 pisemne o\u015bwiadczenie o bezstronno\u015bci i\u00a0niezale\u017cno\u015bci. O\u015bwiadczenia stanowi\u0105 za\u0142\u0105czniki do umowy podpisywanej pomi\u0119dzy Zamawiaj\u0105cym a wykonawc\u0105 audytu zewn\u0119trznego.<\/p>\n<p>&nbsp;<\/p>\n<p>Cz\u0119\u015b\u0107 VI: Wymagania dotycz\u0105ce raportu\/sprawozdania<\/p>\n<ol>\n<li>Po przeprowadzeniu audytu zewn\u0119trznego, audytor zobowi\u0105zany jest do przygotowania raportu\/sprawozdania z audytu.<\/li>\n<li>Raport\/sprawozdanie z audytu zewn\u0119trznego powinien zawiera\u0107 w\u00a0szczeg\u00f3lno\u015bci nast\u0119puj\u0105ce elementy:\n<ol>\n<li>dat\u0119 sporz\u0105dzenia raportu\/sprawozdania;<\/li>\n<li>nazw\u0119 i adres podmiotu realizuj\u0105cego zadanie\/projekt;<\/li>\n<li>nazw\u0119 podmiotu przeprowadzaj\u0105cego audyt zewn\u0119trzny;<\/li>\n<li>nazw\u0119 audytowanego zadania\/projektu, numer i dat\u0119 umowy, kt\u00f3ra dotyczy audytowanego zadania\/projektu;<\/li>\n<li>ca\u0142kowit\u0105 warto\u015b\u0107 zadania\/projektu w tym ca\u0142kowit\u0105 warto\u015b\u0107 koszt\u00f3w kwalifikowalnych, kwot\u0119 dofinansowania;<\/li>\n<li>termin realizacji zadania\/projektu oraz zwi\u0119z\u0142y opis audytowanego zadania\/projektu;<\/li>\n<li>imiona i nazwiska audytor\u00f3w uczestnicz\u0105cych w audycie oraz numer imiennego upowa\u017cnienia do przeprowadzenia audytu zewn\u0119trznego;<\/li>\n<li>termin przeprowadzenia audytu zewn\u0119trznego;<\/li>\n<li>okres obj\u0119ty audytem zewn\u0119trznym;<\/li>\n<li>zakres przedmiotowy audytu zewn\u0119trznego, w tym zestawienie dokument\u00f3w (wystawca, rodzaj, numer dokumentu, kwota kosztu kwalifikowanego), kt\u00f3re zosta\u0142y poddane badaniu;<\/li>\n<li>podj\u0119te dzia\u0142ania i zastosowane techniki audytu zewn\u0119trznego;<\/li>\n<li>informacja czy badanie audytowe zosta\u0142o przeprowadzone na podstawie wszystkich dokument\u00f3w, czy te\u017c na pr\u00f3bie dokument\u00f3w oraz informacja o\u00a0sposobie doboru pr\u00f3by do\u00a0zadania audytowego;<\/li>\n<li>ustalenia stanu faktycznego;<\/li>\n<li>wskazanie stwierdzonych problem\u00f3w w trakcie realizacji zadania\/projektu wraz ze\u00a0wskazaniem ich wagi;<\/li>\n<li>okre\u015blenie oraz analiza przyczyn i skutk\u00f3w uchybie\u0144;<\/li>\n<li>uwagi i wnioski w sprawie usuni\u0119cia stwierdzonych uchybie\u0144, ewentualne rekomendacje;<\/li>\n<li>podpisy audytor\u00f3w sporz\u0105dzaj\u0105cych raport\/sprawozdanie.<\/li>\n<\/ol>\n<\/li>\n<li>Wszystkie strony raportu\/sprawozdania z przeprowadzonego audytu powinny by\u0107 ponumerowane i parafowane przez audytora zewn\u0119trznego.<\/li>\n<\/ol>\n<p>&nbsp;<\/p>\n<p>Cz\u0119\u015b\u0107 VII: Wymagany termin oraz miejsce realizacji us\u0142ugi<\/p>\n<ol>\n<li>Okres realizacji us\u0142ugi: w terminie od 01-12-2025 do 23-01-2026 r.<\/li>\n<li>Miejscem realizacji us\u0142ugi jest siedziba Zamawiaj\u0105cego: ul. Konwiktorska 9, 00-216 Warszawa.<\/li>\n<\/ol>\n<p>&nbsp;<\/p>\n<p>Cz\u0119\u015b\u0107 VIII: Oferta<\/p>\n<p>Ofert\u0119 nale\u017cy sporz\u0105dzi\u0107 na za\u0142\u0105czonym druku oferty, w j\u0119zyku polskim, w formie pisemnej, na maszynie, komputerze, nie\u015bcieralnym atramentem lub d\u0142ugopisem. Oferta powinna by\u0107 podpisana przez osob\u0119 \/ osoby upowa\u017cnion\u0105 do reprezentowania Oferenta.<\/p>\n<p>Ewentualne poprawki w tek\u015bcie oferty powinny by\u0107 dokonane w spos\u00f3b czytelny i parafowane.<\/p>\n<p>Podane w ofercie ceny musz\u0105 uwzgl\u0119dnia\u0107 wszystkie koszty zwi\u0105zane z realizacj\u0105 zam\u00f3wienia i nie mog\u0105 ulec zmianie w trakcie trwania umowy.<\/p>\n<p>Cena powinna by\u0107 wyra\u017cona w kwocie brutto.<\/p>\n<p>Oferent zobowi\u0105zany jest zagwarantowa\u0107 sta\u0142o\u015b\u0107 ceny przez ca\u0142y czas trwania umowy. Oferent uwzgl\u0119dni w cenie wszelkie rabaty i upusty oraz us\u0142ugi dodatkowe, kt\u00f3rych zamierza udzieli\u0107 Zamawiaj\u0105cemu.<\/p>\n<p>Do oferty nale\u017cy za\u0142\u0105czy\u0107 O\u015bwiadczenie o bezstronno\u015bci i niezale\u017cno\u015bci.<\/p>\n<p>Oferent ponosi wszelkie koszty w\u0142asne zwi\u0105zane z przygotowaniem i z\u0142o\u017ceniem oferty, niezale\u017cnie od wyniku post\u0119powania.<\/p>\n<p>Ofert\u0119 nale\u017cy z\u0142o\u017cy\u0107 w formie elektronicznej przesy\u0142aj\u0105c na adres mailowy <a href=\"mailto:olimpfundacja@gmail.com\">olimpfundacja@gmail.com<\/a> lub na pi\u015bmie, osobi\u015bcie lub poczt\u0105 na adres: Fundacja Zwi\u0105zku Kultury Fizycznej \u201eOlimp\u201d, ul. Konwiktorska 9, 00-216 Warszawa, w zamkni\u0119tej kopercie. Na kopercie nale\u017cy dopisa\u0107 numer zapytania, kt\u00f3rego dotyczy oferta.<\/p>\n<p>Ofert\u0119 z\u0142o\u017cy\u0107 nale\u017cy w terminie do dnia 7 listopada 2025 do godz. 16.00 (w przypadku ofert sk\u0142adanych drog\u0105 pocztow\u0105 decyduje data stempla pocztowego).<\/p>\n<p>Oferent mo\u017ce przed up\u0142ywem terminu sk\u0142adania ofert zmieni\u0107 lub wycofa\u0107 swoj\u0105 ofert\u0119.<\/p>\n<p>W toku badania i oceny ofert Zamawiaj\u0105cy mo\u017ce \u017c\u0105da\u0107 od oferent\u00f3w wyja\u015bnie\u0144 dotycz\u0105cych tre\u015bci z\u0142o\u017conych ofert.<\/p>\n<p>Osob\u0105 uprawnion\u0105 do kontaktu ze strony Zamawiaj\u0105cego jest:<\/p>\n<p>Przemys\u0142aw Warszewski, <a href=\"mailto:olimpfundacja@gmail.com\">olimpfundacja@gmail.com<\/a> .<\/p>\n<p>&nbsp;<\/p>\n<p>Cz\u0119\u015b\u0107 IX: Inne<\/p>\n<p>Audyt winien by\u0107 realizowany zgodnie i w oparciu o wytyczne PFRON dotycz\u0105ce audytu zewn\u0119trznego zada\u0144\/projekt\u00f3w finansowanych w cz\u0119\u015bci lub w ca\u0142o\u015bci ze \u015brodk\u00f3w PFRON w ramach ustawy o rehabilitacji zawodowej i spo\u0142ecznej oraz zatrudnianiu os\u00f3b niepe\u0142nosprawnych opisanych w dokumentacji konkursu 1\/2024 pn. \u201eWspieramy aktywno\u015b\u0107&#8221; dost\u0119pnej na stronie internetowej <a href=\"http:\/\/www.pfron.org.pl\">www.pfron.org.pl<\/a> .<\/p>\n<p>Zamawiaj\u0105cy zastrzega sobie mo\u017cliwo\u015b\u0107 uniewa\u017cnienia post\u0119powania na ka\u017cdym etapie bez podania przyczyny.<\/p>\n<p>Powy\u017csze zapytanie ofertowe prowadzone jest w ramach zasady konkurencyjno\u015bci i nie stanowi przedmiotu zam\u00f3wienia publicznego w ramach przepis\u00f3w ustawy z dnia 29 stycznia 2004 roku\u00a0 Prawo Zam\u00f3wie\u0144 Publicznych (Dz. U. z 2013r\u00a0 poz. 907 z p\u00f3\u017a. zm. )<\/p>\n<p>Propozycje sk\u0142adane przez zainteresowane podmioty w odpowiedzi na zapytanie ofertowe nie s\u0105 ofertami w rozumieniu kodeksu cywilnego.<\/p>\n<p>Niniejsze zapytanie ofertowe nie stanowi zobowi\u0105zania Zamawiaj\u0105cego do zawarcia umowy. Zamawiaj\u0105cy mo\u017ce odst\u0105pi\u0107 od podpisania umowy bez podania uzasadnienia swojej decyzji.<\/p>\n","protected":false},"excerpt":{"rendered":"<p>ZAPYTANIE OFERTOWE nr 5\/2025 z dnia 31.10.2025 r. Zapytanie ofertowe na realizacj\u0119 us\u0142ugi audytu zewn\u0119trznego zadania pt. \u201eSmartStart: Cyfrowa Niezale\u017cno\u015b\u0107\u201d. Projekt jest wsp\u00f3\u0142finansowany ze \u015brodk\u00f3w Pa\u0144stwowego Funduszu Rehabilitacji Os\u00f3b Niepe\u0142nosprawnych w ramach Konkursu nr 1\/2024 pn. \u201eWspieramy aktywno\u015b\u0107\u201d (UMOWA NUMER: UM\/PW9\/2025\/3\/DEPT_DS_WSPOLPRACY\/11987 z 14 kwietnia 2025 r.). Cz\u0119\u015b\u0107 I: Forma zapytania ofertowego Rozeznanie rynku poprzez zamieszczenie [&hellip;]<\/p>\n","protected":false},"author":1,"featured_media":0,"parent":0,"menu_order":0,"comment_status":"closed","ping_status":"closed","template":"","meta":{"_kadence_starter_templates_imported_post":false,"footnotes":""},"class_list":["post-392","page","type-page","status-publish","hentry"],"_links":{"self":[{"href":"http:\/\/www.fundacjaolimp.pl\/index.php\/wp-json\/wp\/v2\/pages\/392","targetHints":{"allow":["GET"]}}],"collection":[{"href":"http:\/\/www.fundacjaolimp.pl\/index.php\/wp-json\/wp\/v2\/pages"}],"about":[{"href":"http:\/\/www.fundacjaolimp.pl\/index.php\/wp-json\/wp\/v2\/types\/page"}],"author":[{"embeddable":true,"href":"http:\/\/www.fundacjaolimp.pl\/index.php\/wp-json\/wp\/v2\/users\/1"}],"replies":[{"embeddable":true,"href":"http:\/\/www.fundacjaolimp.pl\/index.php\/wp-json\/wp\/v2\/comments?post=392"}],"version-history":[{"count":1,"href":"http:\/\/www.fundacjaolimp.pl\/index.php\/wp-json\/wp\/v2\/pages\/392\/revisions"}],"predecessor-version":[{"id":393,"href":"http:\/\/www.fundacjaolimp.pl\/index.php\/wp-json\/wp\/v2\/pages\/392\/revisions\/393"}],"wp:attachment":[{"href":"http:\/\/www.fundacjaolimp.pl\/index.php\/wp-json\/wp\/v2\/media?parent=392"}],"curies":[{"name":"wp","href":"https:\/\/api.w.org\/{rel}","templated":true}]}}